 What is the units digit of u?
7
Let y(v) = v**3 + 41*v**2 + 16*v + 56. Let d be y(-29). What is the units digit of ((-3)/(-6))/(18/d)?
9
Suppose 5*m - 5*l - 20 = 0, -3*l + 5*l = 4*m - 16. Suppose 12*f = 14*f - m. Suppose -f*c = -101 - 7. What is the tens digit of c?
5
Let k(a) = 1673*a - 89. Let i be k(2). Let r = -1824 + i. What is the hundreds digit of r?
4
Let i be (6/(-4))/(159/42082). Let n = 728 + i. What is the hundreds digit of n?
3
Let r(h) = 138*h + 2. Let f(c) be the second derivative of c**5/20 + 2*c**4/3 + c**3/6 + 9*c**2/2 + 15*c. Let i be f(-8). What is the units digit of r(i)?
0
Let c(y) = -5*y - 280*y**3 + 7*y**2 + 195*y**3 - 678*y**3 - 6*y**2 - 5 + 0*y**2. What is the hundreds digit of c(-1)?
7
Suppose -155*z + 394*z = 31898 + 545765. What is the units digit of z?
7
Let w = 177 - -548. Let p = -553 + w. What is the hundreds digit of p?
1
Let q(u) = 6719*u + 7. Let z be q(1). Suppose 5*r = 11*r - z. What is the units digit of r?
1
Let i(h) = -260*h + 5823. What is the ten thousands digit of i(-44)?
1
Suppose 0 = 4*f - 5*m - 40, 5*m = -31 + 11. Suppose -2343 = -f*c - 2*u, -7*c + 3*c - u + 1875 = 0. What is the hundreds digit of c?
4
Let r(h) = h**2 + 23*h + 47. Let v be r(-21). Suppose 5*m + 4625 = 4*k, v*k - 5730 = -49*m + 45*m. What is the thousands digit of k?
1
Let l(g) = 16*g**3 + 3*g**2 - 48*g + 80. What is the units digit of l(7)?
9
Let m(k) = -9*k**3 - 18*k**2 - 43*k + 200. What is the tens digit of m(-20)?
6
Let s(v) = 51421*v**2 - 21*v - 15. What is the hundreds digit of s(-1)?
4
Let y be (-22)/(-99) + 60/(-27). What is the hundreds digit of (-489)/y + (-72)/(-48)?
2
Let n(j) = j**3 + 6*j**2 - 5*j - 15. Let f be n(-5). Let v = f - 33. Suppose -v*m + 3*h - 1 = -0*m, -4*h = -2*m - 6. What is the units digit of m?
7
Let s(o) = 57*o**2 - 1. Let v be s(1). Let d = 790 + -748. Let b = d + v. What is the tens digit of b?
9
Let s = 91 - 89. Suppose j - 7 = s*j. Let b(q) = 3*q**2 + 2*q + 6. What is the units digit of b(j)?
9
Let w = 615 + -342. Suppose -3*i + 3*g = -0*g - 267, 3*i - 5*g = w. What is the tens digit of i?
8
Suppose -2*q = -4*q + 8. Suppose -g + q*z = -99, -z + 277 + 187 = 4*g. Let d = g - 99. What is the tens digit of d?
1
Let c be ((-8)/(-28))/(1/511*1). Let p = 17 + c. What is the units digit of p?
3
Let w be 6/15 + (-2263)/(-5). Suppose -w = 5*p - 1618. Suppose -p = -3*u - 4*b, -3*u + 3 + 232 = 2*b. What is the tens digit of u?
7
Suppose -5188 = -4*o - 4*i, 5*o - 3393 - 3132 = 5*i. What is the hundreds digit of o?
3
Let u be (-3)/(-15) + 156/20. Let w(t) be the first derivative of -t**4/4 + 8*t**3/3 + 3*t**2/2 + 3*t - 20. What is the units digit of w(u)?
7
Let c(q) = -q**3 + 14*q**2 + 2*q + 1. Let g be c(13). Let l = -260 + 284. Let b = g + l. What is the hundreds digit of b?
2
What is the hundreds digit of (2520/4)/(5/(-610)*-4)?
2
Suppose 69*b - 641957 = 251110. What is the hundreds digit of b?
9
Suppose 5*t - 10 = 3*t. Suppose 0 = -t*h + 614 + 211. What is the tens digit of h?
6
Let f be (-1074)/(-14) + (-18)/(-63). Let z = -64 + f. What is the tens digit of 18/(-117) + 548/z?
4
Suppose 208530 + 370476 = 18*g - 0*g. What is the ten thousands digit of g?
3
Let s be -1 + (240/150)/(4/(-10)). What is the hundreds digit of 9/6 + s/((-30)/1449)?
2
Suppose 0 = -16*f - 5364 + 68. Let k = f - -747. What is the hundreds digit of k?
4
Let u = 7279 - -4993. What is the hundreds digit of u?
2
Let f = 24440 + -6024. What is the thousands digit of f?
8
Let r(i) = -3*i**3 - 132*i**2 - 33*i + 609. What is the thousands digit of r(-50)?
7
Suppose 0 = 4*g + 5 - 17. Suppose -g*k + 62 = 4*f - 2*f, -2*f + 2 = 0. Suppose -k = 3*p - w - 129, -4*w = p - 58. What is the tens digit of p?
3
Let f = 70 - 31. Let z = -5 - f. Let g = 91 + z. What is the tens digit of g?
4
Let p(i) = 2*i**3 + 7*i**2 - 4*i - 2. Let a be p(-4). Let w be 36/(-9) - (a - 407). Suppose 2*m = -3*m + w. What is the tens digit of m?
8
Suppose -4*i - 3*y - 2*y + 77 = 0, -34 = -2*i - 4*y. Let k(j) = 2*j**3 - 3*j**3 - 14*j**2 - 16*j - 8 + i. What is the units digit of k(-14)?
9
Let o(q) = -3*q + 17. Let f be o(7). Let n be 40/108*6 - f/(-18). What is the units digit of 440/12*3 + n?
2
Let o = 26 - 15. Let j = o + 20. Suppose -4*x + j = -73. What is the units digit of x?
6
Suppose -15*k = 5*f - 146815, 5*f - 9797 = -0*k - k. What is the tens digit of k?
8
Suppose -y = -5*b + 2197 + 15691, 5*b = 4*y + 17897. What is the thousands digit of b?
3
Let o = 1588 - 958. Let l be (1*-1)/(15/o). Let i = 30 - l. What is the units digit of i?
2
Suppose -6*f = 2851 - 631. Let k = 466 + f. What is the units digit of k?
6
Let b(l) = -16*l**2 - 15*l + 25. Let f(h) = -13 + 2*h + 6*h + 0*h + 8*h**2. Let y(c) = -6*b(c) - 11*f(c). What is the units digit of y(3)?
1
Suppose 67*w - 2408038 - 629742 = 0. What is the hundreds digit of w?
3
Suppose -y + 44 + 2 = 0. Suppose m = 3*u + 308 - 386, -5*u = -3*m - 134. Suppose -u - y = -c - 4*d, 0 = 4*c + 4*d - 320. What is the tens digit of c?
8
Let v(r) = -5*r + 28. Suppose 0 = -2*x + 14 - 2. Let y be v(x). What is the tens digit of 1 - (202/(-5 + 3) - y)?
0
Let z(t) = 81*t**3 - t + 2. Let g be z(1). Let o be (-375)/(-6) + (-4)/16*6. Let m = g + o. What is the tens digit of m?
4
Let g(x) = -2*x**2 + 18 - 18*x - x**3 + 0*x**2 + 19*x**2 - 5*x**2. Let r be g(9). Let t = r - 33. What is the units digit of t?
6
Let j = 471 - -824. Let y = j - 725. What is the hundreds digit of y?
5
Let l = 82849 + -32958. What is the tens digit of l?
9
Suppose 104*a + 64*a = -94*a + 7395474. What is the ten thousands digit of a?
2
Suppose -2*v + 890 = 4*y, 5*v + 86 = 91. Let n = 12 + 1. Suppose -19*a + y = -n*a. What is the tens digit of a?
3
Let o(g) = g**3 + 7*g**2 - 5*g - 19. Let b be o(-6). What is the tens digit of b/((10/(-160))/(1/(-2)))?
7
Suppose -4*y - 4*y = 1920. What is the tens digit of -2 - (y + -2 + -1)?
4
Suppose 4*s - 400 = 6*s. Let g = s + 307. Suppose 4*r - g = -w, -w - 3*w + 2*r = -392. What is the tens digit of w?
9
Let h = 130 + -131. What is the units digit of 5928/12 + h + 3?
6
Suppose 16*c - 170772 = 8*c - 11*c. What is the units digit of c?
8
Let b(f) = 134*f. Let r(j) = -j - 1. Let l be r(0). Let t be (2/l)/((-26)/13). What is the units digit of b(t)?
4
Suppose 2*s + 3*s = 0. Let b = 3011 - 2903. Suppose -r + b + 46 = s. What is the units digit of r?
4
Suppose 0 = -4*s + 20, 5*s = -4*z + 28 + 9. Suppose 4*v + 27 = z*t, 2*v + 1 = 2*t + 5*v. What is the units digit of 182 + (4 - 15/t)?
3
Let g = 25092 + -22069. What is the units digit of g?
3
Suppose 4 = 4*w - 4*j, 3*w - 7*w + 2*j + 4 = 0. Let g be ((-380)/8 - w)*-2. Suppose -5*v + 382 = g. What is the tens digit of v?
5
Let z(u) = u**2 + 7*u - 4. Let w be z(-8). Suppose -6*h + 6 = -w*h. Suppose 0 = -4*y - 0*y + 3*r + 459, -3*r + 339 = h*y. What is the tens digit of y?
1
Let r(n) = 8132*n**3 - 2*n**2 + 2. What is the tens digit of r(1)?
3
Suppose -4*l - l = 2*q - 35, -l = 4*q - 25. Suppose 0 = -l*y - y + 18. Suppose -5*i - 3*d + 73 = 0, -y*i + 29 = 3*d - 16. What is the tens digit of i?
1
Suppose -20*r = r - 113757. What is the tens digit of r?
1
Let m be (-26 - 1)/((-1 - -5)/4). Let t be ((-10)/(-3) - 3)/((-3)/m). Suppose k + 0*w - w = 30, -t*k + 4*w = -91. What is the units digit of k?
9
Let d(h) = -h**2 - 17*h - 7. Let m = 78 + -57. Let i be -2*6/15 - m/5. What is the units digit of d(i)?
3
Suppose -4*p - 137 = -t - 0*p, -441 = -3*t - 3*p. Suppose t*s = 135*s + 6490. What is the hundreds digit of s?
6
Suppose 0*d - d = 204. Let u = d - -278. What is the tens digit of u?
7
Let w(u) = -u**3 + 3*u**2 - u. Let p(z) = 4*z**3 - 30*z**2 - 9*z + 27. Let o(a) = p(a) + 5*w(a). What is the tens digit of o(-14)?
2
Suppose -o = -0*o - 2. Suppose 258 = 44*n + 38. Suppose n*r + i - 832 = 0, 64 = 5*r - o*i - 762. What is the units digit of r?
6
Let s = 98 + -64. Let y(w) = w**2 - 33*w + 42. What is the units digit of y(s)?
6
Let g be 27/2*(9 - 250/30). Suppose -5*v + 80 = 3*j, -3*v - 2*j = -39 - g. What is the tens digit of v?
1
Let p = -2 + -37. Let t = -183 - p. Let k = t + 205. What is the units digit of k?
1
Suppose 5*g + 3*m - 28001 = -8636, m - 19365 = -5*g. Suppose -g = -44*v + 35287. What is the tens digit of v?
9
Suppose 0 = -2*h + 9*w - 4*w + 19248, 0 = 5*h - 2*w - 48099. What is the thous